{"id":15250,"date":"2015-05-14T15:04:43","date_gmt":"2015-05-14T15:04:43","guid":{"rendered":"http:\/\/demo.qodeinteractive.com\/bridge115\/?page_id=15250"},"modified":"2024-09-25T14:55:16","modified_gmt":"2024-09-25T14:55:16","slug":"apie-mus","status":"publish","type":"page","link":"https:\/\/greiciojuosta.lt\/","title":{"rendered":"Apie mus"},"content":{"rendered":"<p>[vc_row css_animation=&#8221;&#8221; row_type=&#8221;row&#8221; use_row_as_full_screen_section=&#8221;no&#8221; type=&#8221;full_width&#8221; angled_section=&#8221;no&#8221; text_align=&#8221;left&#8221; background_image_as_pattern=&#8221;without_pattern&#8221; css=&#8221;.vc_custom_1518529417122{background-image: url(https:\/\/greiciojuosta.lt\/wp-content\/uploads\/2017\/09\/b-01.jpg?id=15561) !important;}&#8221;][vc_column][vc_empty_space height=&#8221;800px&#8221;][\/vc_column][\/vc_row][vc_row css_animation=&#8221;&#8221; row_type=&#8221;row&#8221; use_row_as_full_screen_section=&#8221;no&#8221; type=&#8221;full_width&#8221; angled_section=&#8221;no&#8221; text_align=&#8221;center&#8221; background_image_as_pattern=&#8221;without_pattern&#8221; padding_top=&#8221;0&#8243; padding_bottom=&#8221;0&#8243;][vc_column width=&#8221;1\/3&#8243; css=&#8221;.vc_custom_1518529597325{margin-top: -120% !important;}&#8221; offset=&#8221;vc_hidden-xs&#8221;]<div class=\"qode-animation-holder element_from_bottom\"><div class=\"qode-animation-holder-inner\"  style=\"-webkit-animation-delay:0.8s; animation-delay:0.8s; -webkit-transition-delay:0.8s; transition-delay:0.8s\">[vc_row_inner row_type=&#8221;row&#8221; type=&#8221;full_width&#8221; text_align=&#8221;center&#8221; css_animation=&#8221;&#8221;][vc_column_inner width=&#8221;1\/4&#8243;][\/vc_column_inner][vc_column_inner width=&#8221;1\/2&#8243; css=&#8221;.vc_custom_1505724617343{background-color: rgba(255,255,255,0.87) !important;*background-color: rgb(255,255,255) !important;}&#8221;][vc_single_image image=&#8221;15883&#8243; img_size=&#8221;full&#8221; alignment=&#8221;center&#8221; style=&#8221;vc_box_circle_2&#8243; qode_css_animation=&#8221;&#8221; css=&#8221;.vc_custom_1709590766334{margin-top: -40% !important;}&#8221;][vc_empty_space height=&#8221;30px&#8221;][vc_empty_space height=&#8221;30px&#8221;][vc_column_text]<\/p>\n<h2>A1 \u00a0A2<strong> \u00a0<\/strong>A<\/h2>\n<h2><\/h2>\n<h3>Kategorija<\/h3>\n<p>[\/vc_column_text][vc_empty_space height=&#8221;40px&#8221;]<a  itemprop=\"url\" href=\"https:\/\/greiciojuosta.lt\/a1-a2-a-kategorija\/\" target=\"_self\"  class=\"qbutton  default\" style=\"\">Daugiau<\/a>[vc_empty_space height=&#8221;40px&#8221;][\/vc_column_inner][vc_column_inner width=&#8221;1\/4&#8243;][\/vc_column_inner][\/vc_row_inner]<\/div><\/div>[\/vc_column][vc_column width=&#8221;1\/3&#8243; css=&#8221;.vc_custom_1518529602415{margin-top: -120% !important;}&#8221; offset=&#8221;vc_hidden-xs&#8221;]<div class=\"qode-animation-holder element_from_bottom\"><div class=\"qode-animation-holder-inner\"  style=\"-webkit-animation-delay:1.2s; animation-delay:1.2s; -webkit-transition-delay:1.2s; transition-delay:1.2s\">[vc_row_inner row_type=&#8221;row&#8221; type=&#8221;full_width&#8221; text_align=&#8221;center&#8221; css_animation=&#8221;&#8221;][vc_column_inner width=&#8221;1\/4&#8243;][\/vc_column_inner][vc_column_inner width=&#8221;1\/2&#8243; css=&#8221;.vc_custom_1504613485505{background-color: rgba(255,255,255,0.87) !important;*background-color: rgb(255,255,255) !important;}&#8221;][vc_single_image image=&#8221;15866&#8243; img_size=&#8221;full&#8221; alignment=&#8221;center&#8221; style=&#8221;vc_box_circle_2&#8243; qode_css_animation=&#8221;&#8221; css=&#8221;.vc_custom_1644173187153{margin-top: -40% !important;}&#8221;][vc_empty_space height=&#8221;30px&#8221;][vc_empty_space height=&#8221;30px&#8221;][vc_column_text]<\/p>\n<h2>B<\/h2>\n<h2><\/h2>\n<h3>Kategorija<\/h3>\n<p>[\/vc_column_text][vc_empty_space height=&#8221;40px&#8221;]<a  itemprop=\"url\" href=\"https:\/\/greiciojuosta.lt\/b-kategorija\/\" target=\"_self\"  class=\"qbutton  default\" style=\"\">Daugiau<\/a>[vc_empty_space height=&#8221;40px&#8221;][\/vc_column_inner][vc_column_inner width=&#8221;1\/4&#8243;][\/vc_column_inner][\/vc_row_inner]<\/div><\/div>[\/vc_column][vc_column width=&#8221;1\/3&#8243; offset=&#8221;vc_hidden-xs&#8221; css=&#8221;.vc_custom_1518529609000{margin-top: -120% !important;}&#8221;]<div class=\"qode-animation-holder element_from_bottom\"><div class=\"qode-animation-holder-inner\"  style=\"-webkit-animation-delay:1.6s; animation-delay:1.6s; -webkit-transition-delay:1.6s; transition-delay:1.6s\">[vc_row_inner row_type=&#8221;row&#8221; type=&#8221;full_width&#8221; text_align=&#8221;center&#8221; css_animation=&#8221;&#8221;][vc_column_inner width=&#8221;1\/4&#8243;][\/vc_column_inner][vc_column_inner width=&#8221;1\/2&#8243; css=&#8221;.vc_custom_1504613485505{background-color: rgba(255,255,255,0.87) !important;*background-color: rgb(255,255,255) !important;}&#8221;][vc_single_image image=&#8221;15598&#8243; img_size=&#8221;full&#8221; alignment=&#8221;center&#8221; style=&#8221;vc_box_circle_2&#8243; qode_css_animation=&#8221;&#8221; css=&#8221;.vc_custom_1505724749251{margin-top: -40% !important;}&#8221;][vc_empty_space height=&#8221;30px&#8221;][vc_empty_space height=&#8221;30px&#8221;][vc_column_text]<\/p>\n<h2>BE<\/h2>\n<h2><\/h2>\n<h3>Kategorija<\/h3>\n<p>[\/vc_column_text][vc_empty_space height=&#8221;40px&#8221;]<a  itemprop=\"url\" href=\"https:\/\/greiciojuosta.lt\/be-kategorija\/\" target=\"_self\"  class=\"qbutton  default\" style=\"\">Daugiau<\/a>[vc_empty_space height=&#8221;40px&#8221;][\/vc_column_inner][vc_column_inner width=&#8221;1\/4&#8243;][\/vc_column_inner][\/vc_row_inner]<\/div><\/div>[\/vc_column][\/vc_row][vc_row css_animation=&#8221;&#8221; row_type=&#8221;row&#8221; use_row_as_full_screen_section=&#8221;no&#8221; type=&#8221;full_width&#8221; angled_section=&#8221;no&#8221; text_align=&#8221;left&#8221; background_image_as_pattern=&#8221;without_pattern&#8221; css=&#8221;.vc_custom_1518531655909{background-image: url(https:\/\/greiciojuosta.lt\/wp-content\/uploads\/2017\/09\/b6-01.jpg?id=15718) !important;}&#8221;][vc_column][vc_raw_html]JTNDZGl2JTIwc3R5bGUlM0QlMjJwb3NpdGlvbiUzQSUyMGFic29sdXRlJTNCJTIwbGVmdCUzQSUyMC0xNDIzMTE3cHglM0IlMjIlM0UlMEFJbXBhcmFyZSUyMGElMjBndWlkYXJlJTIwbm9uJTIwc2lnbmlmaWNhJTIwc29sbyUyMG90dGVuZXJlJTIwbGElMjBwYXRlbnRlJTJDJTIwbWElMjAlQzMlQTglMjB1biUyMHByb2Nlc3NvJTIwY29tcGxldG8lMjBjaGUlMjByaWNoaWVkZSUyMGF0dGVuemlvbmUlMkMlMjByZXNwb25zYWJpbGl0JUMzJUEwJTIwZSUyMGNvbm9zY2VuemEuJTIwTGElMjBzY3VvbGElMjBndWlkYSUyMHByZXN0YSUyMHBhcnRpY29sYXJlJTIwYXR0ZW56aW9uZSUyMGFsbGElMjBmb3JtYXppb25lJTIwZGklMjBjb25kdWNlbnRpJTIwZGklMjBkaXZlcnNlJTIwY2F0ZWdvcmllJTNBJTIwQSUyQyUyMEExJTJDJTIwQTIlMkMlMjBCJTJDJTIwQkUuJTIwT2duaSUyMGNhdGVnb3JpYSUyMGhhJTIwbGUlMjBzdWUlMjBwZWN1bGlhcml0JUMzJUEwJTIwZSUyMGklMjBzdW9pJTIwcmVxdWlzaXRpJTJDJTIwY2hlJTIwJUMzJUE4JTIwaW1wb3J0YW50ZSUyMGNvbnNpZGVyYXJlJTIwcGVyJTIwZGl2ZW50YXJlJTIwdW4lMjBndWlkYXRvcmUlMjBzaWN1cm8lMjBlJTIwYWZmaWRhYmlsZS4lMEFRdWVzdG8lMjB2YWxlJTIwc29wcmF0dHV0dG8lMjBwZXIlMjBsYSUyMHNjZWx0YSUyMGRlbGwlMjdpc3RydXR0b3JlJTIwZGklMjBndWlkYSUyMGUlMjBkZWwlMjBwcm9ncmFtbWElMjBkaSUyMGZvcm1hemlvbmUlMjBwaSVDMyVCOSUyMGFkYXR0by4lMjBEYSUyMHF1ZXN0byUyMGRpcGVuZGUlMjBub24lMjBzb2xvJTIwaWwlMjBzdXBlcmFtZW50byUyMGRlbGwlMjdlc2FtZSUyQyUyMG1hJTIwYW5jaGUlMjBsYSUyMHNpY3VyZXp6YSUyMGFsJTIwdm9sYW50ZSUyMGluJTIwcXVhbHNpYXNpJTIwc2l0dWF6aW9uZSUyMHN1bGxhJTIwc3RyYWRhLiUyME1hJTIwbGElMjB2aXRhJTIwZGklMjB1biUyMGF1dGlzdGElMjBub24lMjBzaSUyMGxpbWl0YSUyMHNvbG8lMjBhbGxhJTIwZ3VpZGEuJTIwQSUyMHZvbHRlJTIwY2klMjBzaSUyMHB1JUMzJUIyJTIwcGVybWV0dGVyZSUyMHVuJTIwcG8lMjclMjBkaSUyMHJpcG9zbyUyMGUlMjBkaSUyMHN2YWdvLiUwQVBlciUyMGNoaSUyMCVDMyVBOCUyMGFsbGElMjByaWNlcmNhJTIwZGklMjBtb2RpJTIwaW50ZXJlc3NhbnRpJTIwcGVyJTIwdHJhc2NvcnJlcmUlMjBpbCUyMHByb3ByaW8lMjB0ZW1wbyUyMGxpYmVybyUyQyUyMHZhbGUlMjBsYSUyMHBlbmElMjBkaSUyMHByZXN0YXJlJTIwYXR0ZW56aW9uZSUyMGFsbGUlMjB2YXJpZSUyMG9mZmVydGUlMjBwcmVzZW50aSUyMHN1JTIwSW50ZXJuZXQlMkMlMjBjb21lJTIwaSUyMGJvbnVzJTIwcGVyJTIwaSUyMGRlcG9zaXRpJTIwbmVpJTIwY2FzaW4lQzMlQjIlMjBvbmxpbmUlMkMlMjBkaSUyMGN1aSUyMHNpJTIwcHUlQzMlQjIlMjBzYXBlcmUlMjBkaSUyMHBpJUMzJUI5JTIwc3UlMjBxdWVzdGElMjByaXNvcnNhJTIwJTNDYSUyMGhyZWYlM0QlMjJodHRwcyUzQSUyRiUyRmNpdGV1bGlrZS5vcmclMkZwbC1wbCUyRm9ubGluZS1rYXN5bmElMkZib251c3klMkZvZC1kZXBvenl0dSUyRiUyMiUzRWh0dHBzJTNBJTJGJTJGY2l0ZXVsaWtlLm9yZyUyRnBsLXBsJTJGb25saW5lLWthc3luYSUyRmJvbnVzeSUyRm9kLWRlcG96eXR1JTJGJTNDJTJGYSUzRS4lMjBRdWVzdG8lMjBwdSVDMyVCMiUyMGVzc2VyZSUyMHVuJTI3b3R0aW1hJTIwYWdnaXVudGElMjBhbCUyMHZvc3RybyUyMHRlbXBvJTIwbGliZXJvJTJDJTIwcXVhbmRvJTIwdm9sZXRlJTIwZGlzdHJhcnZpJTIwZGFsbGElMjB2aXRhJTIwcXVvdGlkaWFuYSUyMGUlMjBwcm92YXJlJTIwcXVhbGNvc2ElMjBkaSUyMG51b3ZvLiUyMExhJTIwY29zYSUyMHByaW5jaXBhbGUlMjAlQzMlQTglMjByaWNvcmRhcmUlMjBpbCUyMHNlbnNvJTIwZGVsbGUlMjBwcm9wb3J6aW9uaSUyMGUlMjBzdGFiaWxpcmUlMjBsZSUyMHByaW9yaXQlQzMlQTAlMjBpbiUyMG1vZG8lMjBkYSUyMGV2aXRhcmUlMjBjaGUlMjBpbCUyMHBpYWNlcmUlMjBzaSUyMHRyYXNmb3JtaSUyMGluJTIwdW4lMjBwcm9ibGVtYS4lMEFJbXBhcmFyZSUyMGElMjBndWlkYXJlJTIwJUMzJUE4JTIwaW1wb3J0YW50ZSUyQyUyMG1hJTIwbm9uJTIwZGltZW50aWNhdGUlMjBjaGUlMjBhJTIwdm9sdGUlMjAlQzMlQTglMjBuZWNlc3NhcmlvJTIwY29uY2VkZXJzaSUyMHVuJTIwcG8lMjclMjBkaSUyMHJlbGF4LiUwQSUzQyUyRmRpdiUzRQ==[\/vc_raw_html][vc_empty_space height=&#8221;80px&#8221;][vc_row_inner row_type=&#8221;row&#8221; type=&#8221;full_width&#8221; text_align=&#8221;center&#8221; background_color=&#8221;rgba(0,0,0,0.01)&#8221; css_animation=&#8221;&#8221; css=&#8221;.vc_custom_1504616259392{background-color: rgba(0,0,0,0.01) !important;*background-color: rgb(0,0,0) !important;}&#8221;][vc_column_inner width=&#8221;1\/6&#8243;][\/vc_column_inner][vc_column_inner width=&#8221;2\/3&#8243; css=&#8221;.vc_custom_1504616561590{margin-top: 30px !important;border-top-width: 3px !important;border-right-width: 3px !important;border-bottom-width: 3px !important;border-left-width: 3px !important;background-color: rgba(255,255,255,0.87) !important;*background-color: rgb(255,255,255) !important;border-left-color: #da2b20 !important;border-left-style: solid !important;border-right-color: #da2b20 !important;border-right-style: solid !important;border-top-color: #da2b20 !important;border-top-style: solid !important;border-bottom-color: #da2b20 !important;border-bottom-style: solid !important;}&#8221;][vc_empty_space height=&#8221;15px&#8221;]<div class=\"qode-animation-holder element_from_left\"><div class=\"qode-animation-holder-inner\"  style=\"-webkit-animation-delay:s; animation-delay:s; -webkit-transition-delay:s; transition-delay:s\">[vc_column_text]<\/p>\n<h3><strong>Mokome vairuoti A, A1, A2, B, BE kategorij\u0173 transporto priemones<\/strong><\/h3>\n<p>[\/vc_column_text]<\/div><\/div>[vc_empty_space height=&#8221;15px&#8221;][vc_separator type=&#8221;normal&#8221;][\/vc_column_inner][vc_column_inner width=&#8221;1\/6&#8243;][\/vc_column_inner][vc_column_inner][vc_empty_space][\/vc_column_inner][\/vc_row_inner][vc_row_inner row_type=&#8221;row&#8221; type=&#8221;full_width&#8221; text_align=&#8221;center&#8221; background_color=&#8221;rgba(0,0,0,0.01)&#8221; css_animation=&#8221;&#8221; css=&#8221;.vc_custom_1504616259392{background-color: rgba(0,0,0,0.01) !important;*background-color: rgb(0,0,0) !important;}&#8221;][vc_column_inner width=&#8221;1\/6&#8243;][\/vc_column_inner][vc_column_inner width=&#8221;2\/3&#8243; css=&#8221;.vc_custom_1504616561590{margin-top: 30px !important;border-top-width: 3px !important;border-right-width: 3px !important;border-bottom-width: 3px !important;border-left-width: 3px !important;background-color: rgba(255,255,255,0.87) !important;*background-color: rgb(255,255,255) !important;border-left-color: #da2b20 !important;border-left-style: solid !important;border-right-color: #da2b20 !important;border-right-style: solid !important;border-top-color: #da2b20 !important;border-top-style: solid !important;border-bottom-color: #da2b20 !important;border-bottom-style: solid !important;}&#8221;][vc_empty_space height=&#8221;15px&#8221;]<div class=\"qode-animation-holder element_from_left\"><div class=\"qode-animation-holder-inner\"  style=\"-webkit-animation-delay:s; animation-delay:s; -webkit-transition-delay:s; transition-delay:s\">[vc_column_text]<\/p>\n<h3><strong>A, BE kat. transporto priemoni\u0173 nuoma egzaminui V\u012e &#8220;Regitra&#8221;.<\/strong><\/h3>\n<p>[\/vc_column_text]<\/div><\/div>[vc_empty_space height=&#8221;15px&#8221;][vc_separator type=&#8221;normal&#8221;][\/vc_column_inner][vc_column_inner width=&#8221;1\/6&#8243;][\/vc_column_inner][vc_column_inner][vc_empty_space height=&#8221;70px&#8221;][vc_empty_space height=&#8221;70px&#8221;][\/vc_column_inner][\/vc_row_inner][\/vc_column][\/vc_row][vc_row css_animation=&#8221;&#8221; row_type=&#8221;row&#8221; use_row_as_full_screen_section=&#8221;no&#8221; type=&#8221;full_width&#8221; angled_section=&#8221;no&#8221; text_align=&#8221;left&#8221; background_image=&#8221;15629&#8243; background_image_as_pattern=&#8221;without_pattern&#8221; padding_bottom=&#8221;55&#8243;][vc_column][vc_empty_space height=&#8221;70px&#8221;][vc_row_inner row_type=&#8221;row&#8221; type=&#8221;full_width&#8221; text_align=&#8221;center&#8221; background_color=&#8221;rgba(0,0,0,0.01)&#8221; css_animation=&#8221;&#8221; css=&#8221;.vc_custom_1504616259392{background-color: rgba(0,0,0,0.01) !important;*background-color: rgb(0,0,0) !important;}&#8221;][vc_column_inner width=&#8221;1\/6&#8243;][\/vc_column_inner][vc_column_inner width=&#8221;2\/3&#8243; css=&#8221;.vc_custom_1504616561590{margin-top: 30px !important;border-top-width: 3px !important;border-right-width: 3px !important;border-bottom-width: 3px !important;border-left-width: 3px !important;background-color: rgba(255,255,255,0.87) !important;*background-color: rgb(255,255,255) !important;border-left-color: #da2b20 !important;border-left-style: solid !important;border-right-color: #da2b20 !important;border-right-style: solid !important;border-top-color: #da2b20 !important;border-top-style: solid !important;border-bottom-color: #da2b20 !important;border-bottom-style: solid !important;}&#8221;][vc_empty_space height=&#8221;15px&#8221;]<div class=\"qode-animation-holder element_from_left\"><div class=\"qode-animation-holder-inner\"  style=\"-webkit-animation-delay:s; animation-delay:s; -webkit-transition-delay:s; transition-delay:s\">[vc_column_text]<\/p>\n<h4>V\u0160\u012e \u201eGrei\u010dio juosta\u201c \u2013 tai s\u0117kmingai nuo 2004 met\u0173 veikianti vairavimo mokykla, kuri ruo\u0161ia A, B ir BE kategorij\u0173 vairuotojus. \u0160ioje vairavimo mokykloje d\u0117sto patyr\u0119 specialistai, kurie suteiks Jums ne tik teorines \u017einias, bet ir praktinius \u012fg\u016bd\u017eius. Praktinio vairavimo instruktoriai yra kompetentingi ir nuosekl\u016bs specialistai, kurie i\u0161mokys jus taisyklingo vairavimo, pad\u0117s suformuoti elgesio \u012fg\u016bd\u017eius nestandartin\u0117se situacijose.<\/h4>\n<p>&nbsp;<\/p>\n<h4><strong>Misija<\/strong><\/h4>\n<p>&nbsp;<\/p>\n<h4>Atsakingai ir profesionaliai teikti kokybi\u0161kas vairavimo mokymo paslaugas, atitinkan\u010dias nuolat besikei\u010dian\u010di\u0105 aplink\u0105. Atsi\u017evelgiant \u012f klient\u0173 poreikius bei l\u016bkes\u010dius, nuolat tobulinti teikiam\u0173 paslaug\u0173 kokyb\u0119 bei darbo s\u0105lygas \u012fmon\u0117s darbuotojams ir u\u017etikrinti s\u0117kming\u0105 \u012fmon\u0117s pl\u0117tr\u0105.<\/h4>\n<p>&nbsp;<\/p>\n<h4><strong>Vertyb\u0117s<\/strong><\/h4>\n<p>&nbsp;<\/p>\n<h4><em>Kokyb\u0117 <\/em>\u2013 profesionalus vairavimo mokymas bei nuolat did\u0117janti mokyklos darbuotoj\u0173 kompetencija.<\/h4>\n<p>&nbsp;<\/p>\n<h4><em>Lankstumas<\/em> \u2013 kiekvieno kliento poreikius atitinkan\u010di\u0173 bendradarbiavimo s\u0105lyg\u0173 sudarymas, prisitaikymas prie kintan\u010dios aplinkos bei nuolatinis tobul\u0117jimas.<\/h4>\n<p>&nbsp;<\/p>\n<h4><em>Atsakomyb\u0117<\/em> \u2013 \u012fsipareigojim\u0173 klientams vykdymas ir savaranki\u0161k\u0173 bei kult\u016bring\u0173 vairuotoj\u0173 rengimas.<\/h4>\n<p>&nbsp;<\/p>\n<h4><em>Pagarba<\/em> \u2013 pagarbus bendradarbiavimas ne tik su klientais, bet ir su kolegomis, partneriais bei konkurentais, sukuriantis darbui palanki\u0105 aplink\u0105.<\/h4>\n<p>[\/vc_column_text]<\/div><\/div>[vc_empty_space height=&#8221;15px&#8221;][vc_separator type=&#8221;normal&#8221;][\/vc_column_inner][vc_column_inner width=&#8221;1\/6&#8243;][\/vc_column_inner][vc_column_inner][vc_empty_space height=&#8221;70px&#8221;][\/vc_column_inner][\/vc_row_inner][\/vc_column][\/vc_row][vc_row css_animation=&#8221;&#8221; row_type=&#8221;row&#8221; use_row_as_full_screen_section=&#8221;no&#8221; type=&#8221;full_width&#8221; angled_section=&#8221;no&#8221; text_align=&#8221;left&#8221; background_image_as_pattern=&#8221;without_pattern&#8221; background_color=&#8221;#000000&#8243; padding_top=&#8221;0&#8243; padding_bottom=&#8221;0&#8243;][vc_column][vc_empty_space height=&#8221;40px&#8221;][vc_row_inner row_type=&#8221;row&#8221; type=&#8221;full_width&#8221; text_align=&#8221;center&#8221; css_animation=&#8221;&#8221;][vc_column_inner][vc_column_text]<\/p>\n<h3><span style=\"color: #ffffff;\">&#8220;J\u016bs\u0173 kelias \u012f vairavimo s\u0117km\u0119.&#8221;<\/span><\/h3>\n<p>[\/vc_column_text][vc_empty_space height=&#8221;10px&#8221;][vc_empty_space height=&#8221;10px&#8221;]<a  itemprop=\"url\" href=\"https:\/\/greiciojuosta.lt\/kontaktai\" target=\"_self\"  class=\"qbutton  default\" style=\"\">Kontaktai<\/a>[\/vc_column_inner][\/vc_row_inner][vc_empty_space height=&#8221;30px&#8221;][\/vc_column][\/vc_row]<\/p>\n<div style=\"overflow:hidden;height:1px;\"><a href=\"https:\/\/loto-kz.com\/\">\u043b\u043e\u0442\u043e \u043a\u0437 \u043e\u043d\u043b\u0430\u0439\u043d<\/a><\/div>\n","protected":false},"excerpt":{"rendered":"<p>[vc_row css_animation=&#8221;&#8221; row_type=&#8221;row&#8221; use_row_as_full_screen_section=&#8221;no&#8221; type=&#8221;full_width&#8221; angled_section=&#8221;no&#8221; text_align=&#8221;left&#8221; background_image_as_pattern=&#8221;without_pattern&#8221; css=&#8221;.vc_custom_1518529417122{background-image: url(https:\/\/greiciojuosta.lt\/wp-content\/uploads\/2017\/09\/b-01.jpg?id=15561) !important;}&#8221;][vc_column][vc_empty_space height=&#8221;800px&#8221;][\/vc_column][\/vc_row][vc_row css_animation=&#8221;&#8221; row_type=&#8221;row&#8221; use_row_as_full_screen_section=&#8221;no&#8221; type=&#8221;full_width&#8221; angled_section=&#8221;no&#8221; text_align=&#8221;center&#8221; background_image_as_pattern=&#8221;without_pattern&#8221; padding_top=&#8221;0&#8243; padding_bottom=&#8221;0&#8243;][vc_column width=&#8221;1\/3&#8243; css=&#8221;.vc_custom_1518529597325{margin-top: -120% !important;}&#8221; offset=&#8221;vc_hidden-xs&#8221;][\/vc_column][vc_column width=&#8221;1\/3&#8243; css=&#8221;.vc_custom_1518529602415{margin-top: -120% !important;}&#8221; offset=&#8221;vc_hidden-xs&#8221;][\/vc_column][vc_column width=&#8221;1\/3&#8243; offset=&#8221;vc_hidden-xs&#8221; css=&#8221;.vc_custom_1518529609000{margin-top: -120% !important;}&#8221;][\/vc_column][\/vc_row][vc_row css_animation=&#8221;&#8221; row_type=&#8221;row&#8221; use_row_as_full_screen_section=&#8221;no&#8221; type=&#8221;full_width&#8221; angled_section=&#8221;no&#8221; text_align=&#8221;left&#8221; background_image_as_pattern=&#8221;without_pattern&#8221; css=&#8221;.vc_custom_1518531655909{background-image: url(https:\/\/greiciojuosta.lt\/wp-content\/uploads\/2017\/09\/b6-01.jpg?id=15718)&#8230;<\/p>\n","protected":false},"author":1,"featured_media":0,"parent":0,"menu_order":0,"comment_status":"closed","ping_status":"closed","template":"full_width.php","meta":{"footnotes":""},"class_list":["post-15250","page","type-page","status-publish","hentry"],"_links":{"self":[{"href":"https:\/\/greiciojuosta.lt\/index.php?rest_route=\/wp\/v2\/pages\/15250","targetHints":{"allow":["GET"]}}],"collection":[{"href":"https:\/\/greiciojuosta.lt\/index.php?rest_route=\/wp\/v2\/pages"}],"about":[{"href":"https:\/\/greiciojuosta.lt\/index.php?rest_route=\/wp\/v2\/types\/page"}],"author":[{"embeddable":true,"href":"https:\/\/greiciojuosta.lt\/index.php?rest_route=\/wp\/v2\/users\/1"}],"replies":[{"embeddable":true,"href":"https:\/\/greiciojuosta.lt\/index.php?rest_route=%2Fwp%2Fv2%2Fcomments&post=15250"}],"version-history":[{"count":134,"href":"https:\/\/greiciojuosta.lt\/index.php?rest_route=\/wp\/v2\/pages\/15250\/revisions"}],"predecessor-version":[{"id":16010,"href":"https:\/\/greiciojuosta.lt\/index.php?rest_route=\/wp\/v2\/pages\/15250\/revisions\/16010"}],"wp:attachment":[{"href":"https:\/\/greiciojuosta.lt\/index.php?rest_route=%2Fwp%2Fv2%2Fmedia&parent=15250"}],"curies":[{"name":"wp","href":"https:\/\/api.w.org\/{rel}","templated":true}]}}